{"id":2310,"date":"2022-04-29T11:30:36","date_gmt":"2022-04-29T09:30:36","guid":{"rendered":"https:\/\/www.obudanapja.hu\/obuda-napja-2022\/?post_type=tribe_events&#038;p=2310"},"modified":"2022-04-29T11:30:36","modified_gmt":"2022-04-29T09:30:36","slug":"mehek-vilagnapja-az-ezusthegyi-konyvtarban","status":"publish","type":"tribe_events","link":"https:\/\/www.obudanapja.hu\/obuda-napja-2022\/esemeny\/mehek-vilagnapja-az-ezusthegyi-konyvtarban\/","title":{"rendered":"M\u00e9hek vil\u00e1gnapja az Ez\u00fcsthegyi K\u00f6nyvt\u00e1rban"},"content":{"rendered":"<p>&#8222;Ez a d\u00f6ngics\u00e9l\u00e9s jelent valamit. Olyan nincs, hogy csak d\u00f6ngics\u00e9l\u00e9s van meg z\u00fcmm\u00f6g\u00e9s&#8230;&#8221; (A.A. Milne: Micimack\u00f3)<\/p>\n<p>Hogy mit csin\u00e1lnak a m\u00e9hecsk\u00e9k a d\u00f6ngics\u00e9l\u00e9sen k\u00edv\u00fcl? Gyere el a k\u00f6nyvt\u00e1rba, \u00e9s der\u00edts\u00fck ki egy\u00fctt!<\/p>\n<p><img decoding=\"async\" loading=\"lazy\" class=\"alignnone wp-image-2311 size-large\" src=\"https:\/\/www.obudanapja.hu\/obuda-napja-2022\/wp-content\/uploads\/2022\/04\/Ezusthegy_mehek_vilagnajpa_plakat-002-663x1024.png\" alt=\"\" width=\"663\" height=\"1024\" srcset=\"https:\/\/www.obudanapja.hu\/obuda-napja-2022\/wp-content\/uploads\/2022\/04\/Ezusthegy_mehek_vilagnajpa_plakat-002-663x1024.png 663w, https:\/\/www.obudanapja.hu\/obuda-napja-2022\/wp-content\/uploads\/2022\/04\/Ezusthegy_mehek_vilagnajpa_plakat-002-194x300.png 194w, https:\/\/www.obudanapja.hu\/obuda-napja-2022\/wp-content\/uploads\/2022\/04\/Ezusthegy_mehek_vilagnajpa_plakat-002-768x1187.png 768w, https:\/\/www.obudanapja.hu\/obuda-napja-2022\/wp-content\/uploads\/2022\/04\/Ezusthegy_mehek_vilagnajpa_plakat-002-994x1536.png 994w, https:\/\/www.obudanapja.hu\/obuda-napja-2022\/wp-content\/uploads\/2022\/04\/Ezusthegy_mehek_vilagnajpa_plakat-002.png 1000w\" sizes=\"(max-width: 663px) 100vw, 663px\" \/><\/p>\n<p>&nbsp;<\/p>\n<p>&nbsp;<\/p>\n<p>&nbsp;<\/p>\n<p>&nbsp;<\/p>\n","protected":false},"excerpt":{"rendered":"<p>A m\u00e1jus 7-ei m\u00e9hek vil\u00e1gnapj\u00e1ra j\u00e1t\u00e9kos ismerked\u00e9st szervez\u00fcnk 6-10 \u00e9ves gyermekeknek csal\u00e1di \u00f6ko-j\u00e1tsz\u00f3h\u00e1zunkban.<\/p>\n","protected":false},"author":4,"featured_media":2289,"comment_status":"open","ping_status":"closed","template":"","meta":[],"tags":[],"tribe_events_cat":[],"yoast_head":"<!-- This site is optimized with the Yoast SEO plugin v17.5 - https:\/\/yoast.com\/wordpress\/plugins\/seo\/ -->\n<title>M\u00e9hek vil\u00e1gnapja az Ez\u00fcsthegyi K\u00f6nyvt\u00e1rban - \u00d3buda Napja 2022 | obuda.hu<\/title>\n<meta name=\"robots\" content=\"index, follow, max-snippet:-1, max-image-preview:large, max-video-preview:-1\" \/>\n<link rel=\"canonical\" href=\"https:\/\/www.obudanapja.hu\/obuda-napja-2022\/esemeny\/mehek-vilagnapja-az-ezusthegyi-konyvtarban\/\" \/>\n<meta property=\"og:locale\" content=\"hu_HU\" \/>\n<meta property=\"og:type\" content=\"article\" \/>\n<meta property=\"og:title\" content=\"M\u00e9hek vil\u00e1gnapja az Ez\u00fcsthegyi K\u00f6nyvt\u00e1rban - \u00d3buda Napja 2022 | obuda.hu\" \/>\n<meta property=\"og:description\" content=\"A m\u00e1jus 7-ei m\u00e9hek vil\u00e1gnapj\u00e1ra j\u00e1t\u00e9kos ismerked\u00e9st szervez\u00fcnk 6-10 \u00e9ves gyermekeknek csal\u00e1di \u00f6ko-j\u00e1tsz\u00f3h\u00e1zunkban.\" \/>\n<meta property=\"og:url\" content=\"https:\/\/www.obudanapja.hu\/obuda-napja-2022\/esemeny\/mehek-vilagnapja-az-ezusthegyi-konyvtarban\/\" \/>\n<meta property=\"og:site_name\" content=\"\u00d3buda Napja 2022 | obuda.hu\" \/>\n<meta property=\"og:image\" content=\"https:\/\/www.obudanapja.hu\/obuda-napja-2022\/wp-content\/uploads\/2022\/04\/ON_1200x628px_mehek.jpg\" \/>\n\t<meta property=\"og:image:width\" content=\"1200\" \/>\n\t<meta property=\"og:image:height\" content=\"628\" \/>\n<meta name=\"twitter:card\" content=\"summary_large_image\" \/>\n<meta name=\"twitter:label1\" content=\"Becs\u00fclt olvas\u00e1si id\u0151\" \/>\n\t<meta name=\"twitter:data1\" content=\"1 perc\" \/>\n<script type=\"application\/ld+json\" class=\"yoast-schema-graph\">{\"@context\":\"https:\/\/schema.org\",\"@graph\":[{\"@type\":\"WebSite\",\"@id\":\"https:\/\/www.obudanapja.hu\/obuda-napja-2022\/#website\",\"url\":\"https:\/\/www.obudanapja.hu\/obuda-napja-2022\/\",\"name\":\"\\u00d3buda Napja 2022 | obuda.hu\",\"description\":\"\",\"potentialAction\":[{\"@type\":\"SearchAction\",\"target\":{\"@type\":\"EntryPoint\",\"urlTemplate\":\"https:\/\/www.obudanapja.hu\/obuda-napja-2022\/?s={search_term_string}\"},\"query-input\":\"required name=search_term_string\"}],\"inLanguage\":\"hu\"},{\"@type\":\"ImageObject\",\"@id\":\"https:\/\/www.obudanapja.hu\/obuda-napja-2022\/esemeny\/mehek-vilagnapja-az-ezusthegyi-konyvtarban\/#primaryimage\",\"inLanguage\":\"hu\",\"url\":\"https:\/\/www.obudanapja.hu\/obuda-napja-2022\/wp-content\/uploads\/2022\/04\/ON_1200x628px_mehek.jpg\",\"contentUrl\":\"https:\/\/www.obudanapja.hu\/obuda-napja-2022\/wp-content\/uploads\/2022\/04\/ON_1200x628px_mehek.jpg\",\"width\":1200,\"height\":628},{\"@type\":\"WebPage\",\"@id\":\"https:\/\/www.obudanapja.hu\/obuda-napja-2022\/esemeny\/mehek-vilagnapja-az-ezusthegyi-konyvtarban\/#webpage\",\"url\":\"https:\/\/www.obudanapja.hu\/obuda-napja-2022\/esemeny\/mehek-vilagnapja-az-ezusthegyi-konyvtarban\/\",\"name\":\"M\\u00e9hek vil\\u00e1gnapja az Ez\\u00fcsthegyi K\\u00f6nyvt\\u00e1rban - \\u00d3buda Napja 2022 | obuda.hu\",\"isPartOf\":{\"@id\":\"https:\/\/www.obudanapja.hu\/obuda-napja-2022\/#website\"},\"primaryImageOfPage\":{\"@id\":\"https:\/\/www.obudanapja.hu\/obuda-napja-2022\/esemeny\/mehek-vilagnapja-az-ezusthegyi-konyvtarban\/#primaryimage\"},\"datePublished\":\"2022-04-29T09:30:36+00:00\",\"dateModified\":\"2022-04-29T09:30:36+00:00\",\"breadcrumb\":{\"@id\":\"https:\/\/www.obudanapja.hu\/obuda-napja-2022\/esemeny\/mehek-vilagnapja-az-ezusthegyi-konyvtarban\/#breadcrumb\"},\"inLanguage\":\"hu\",\"potentialAction\":[{\"@type\":\"ReadAction\",\"target\":[\"https:\/\/www.obudanapja.hu\/obuda-napja-2022\/esemeny\/mehek-vilagnapja-az-ezusthegyi-konyvtarban\/\"]}]},{\"@type\":\"BreadcrumbList\",\"@id\":\"https:\/\/www.obudanapja.hu\/obuda-napja-2022\/esemeny\/mehek-vilagnapja-az-ezusthegyi-konyvtarban\/#breadcrumb\",\"itemListElement\":[{\"@type\":\"ListItem\",\"position\":1,\"name\":\"Kezd\\u0151lap\",\"item\":\"https:\/\/www.obudanapja.hu\/obuda-napja-2022\/\"},{\"@type\":\"ListItem\",\"position\":2,\"name\":\"Esem\\u00e9nyek\",\"item\":\"https:\/\/www.obudanapja.hu\/obuda-napja-2022\/esemenyek\/\"},{\"@type\":\"ListItem\",\"position\":3,\"name\":\"M\\u00e9hek vil\\u00e1gnapja az Ez\\u00fcsthegyi K\\u00f6nyvt\\u00e1rban\"}]}]}<\/script>\n<!-- \/ Yoast SEO plugin. -->","yoast_head_json":{"title":"M\u00e9hek vil\u00e1gnapja az Ez\u00fcsthegyi K\u00f6nyvt\u00e1rban - \u00d3buda Napja 2022 | obuda.hu","robots":{"index":"index","follow":"follow","max-snippet":"max-snippet:-1","max-image-preview":"max-image-preview:large","max-video-preview":"max-video-preview:-1"},"canonical":"https:\/\/www.obudanapja.hu\/obuda-napja-2022\/esemeny\/mehek-vilagnapja-az-ezusthegyi-konyvtarban\/","og_locale":"hu_HU","og_type":"article","og_title":"M\u00e9hek vil\u00e1gnapja az Ez\u00fcsthegyi K\u00f6nyvt\u00e1rban - \u00d3buda Napja 2022 | obuda.hu","og_description":"A m\u00e1jus 7-ei m\u00e9hek vil\u00e1gnapj\u00e1ra j\u00e1t\u00e9kos ismerked\u00e9st szervez\u00fcnk 6-10 \u00e9ves gyermekeknek csal\u00e1di \u00f6ko-j\u00e1tsz\u00f3h\u00e1zunkban.","og_url":"https:\/\/www.obudanapja.hu\/obuda-napja-2022\/esemeny\/mehek-vilagnapja-az-ezusthegyi-konyvtarban\/","og_site_name":"\u00d3buda Napja 2022 | obuda.hu","og_image":[{"width":1200,"height":628,"url":"https:\/\/www.obudanapja.hu\/obuda-napja-2022\/wp-content\/uploads\/2022\/04\/ON_1200x628px_mehek.jpg","type":"image\/jpeg"}],"twitter_card":"summary_large_image","twitter_misc":{"Becs\u00fclt olvas\u00e1si id\u0151":"1 perc"},"schema":{"@context":"https:\/\/schema.org","@graph":[{"@type":"WebSite","@id":"https:\/\/www.obudanapja.hu\/obuda-napja-2022\/#website","url":"https:\/\/www.obudanapja.hu\/obuda-napja-2022\/","name":"\u00d3buda Napja 2022 | obuda.hu","description":"","potentialAction":[{"@type":"SearchAction","target":{"@type":"EntryPoint","urlTemplate":"https:\/\/www.obudanapja.hu\/obuda-napja-2022\/?s={search_term_string}"},"query-input":"required name=search_term_string"}],"inLanguage":"hu"},{"@type":"ImageObject","@id":"https:\/\/www.obudanapja.hu\/obuda-napja-2022\/esemeny\/mehek-vilagnapja-az-ezusthegyi-konyvtarban\/#primaryimage","inLanguage":"hu","url":"https:\/\/www.obudanapja.hu\/obuda-napja-2022\/wp-content\/uploads\/2022\/04\/ON_1200x628px_mehek.jpg","contentUrl":"https:\/\/www.obudanapja.hu\/obuda-napja-2022\/wp-content\/uploads\/2022\/04\/ON_1200x628px_mehek.jpg","width":1200,"height":628},{"@type":"WebPage","@id":"https:\/\/www.obudanapja.hu\/obuda-napja-2022\/esemeny\/mehek-vilagnapja-az-ezusthegyi-konyvtarban\/#webpage","url":"https:\/\/www.obudanapja.hu\/obuda-napja-2022\/esemeny\/mehek-vilagnapja-az-ezusthegyi-konyvtarban\/","name":"M\u00e9hek vil\u00e1gnapja az Ez\u00fcsthegyi K\u00f6nyvt\u00e1rban - \u00d3buda Napja 2022 | obuda.hu","isPartOf":{"@id":"https:\/\/www.obudanapja.hu\/obuda-napja-2022\/#website"},"primaryImageOfPage":{"@id":"https:\/\/www.obudanapja.hu\/obuda-napja-2022\/esemeny\/mehek-vilagnapja-az-ezusthegyi-konyvtarban\/#primaryimage"},"datePublished":"2022-04-29T09:30:36+00:00","dateModified":"2022-04-29T09:30:36+00:00","breadcrumb":{"@id":"https:\/\/www.obudanapja.hu\/obuda-napja-2022\/esemeny\/mehek-vilagnapja-az-ezusthegyi-konyvtarban\/#breadcrumb"},"inLanguage":"hu","potentialAction":[{"@type":"ReadAction","target":["https:\/\/www.obudanapja.hu\/obuda-napja-2022\/esemeny\/mehek-vilagnapja-az-ezusthegyi-konyvtarban\/"]}]},{"@type":"BreadcrumbList","@id":"https:\/\/www.obudanapja.hu\/obuda-napja-2022\/esemeny\/mehek-vilagnapja-az-ezusthegyi-konyvtarban\/#breadcrumb","itemListElement":[{"@type":"ListItem","position":1,"name":"Kezd\u0151lap","item":"https:\/\/www.obudanapja.hu\/obuda-napja-2022\/"},{"@type":"ListItem","position":2,"name":"Esem\u00e9nyek","item":"https:\/\/www.obudanapja.hu\/obuda-napja-2022\/esemenyek\/"},{"@type":"ListItem","position":3,"name":"M\u00e9hek vil\u00e1gnapja az Ez\u00fcsthegyi K\u00f6nyvt\u00e1rban"}]}]}},"_links":{"self":[{"href":"https:\/\/www.obudanapja.hu\/obuda-napja-2022\/wp-json\/wp\/v2\/tribe_events\/2310"}],"collection":[{"href":"https:\/\/www.obudanapja.hu\/obuda-napja-2022\/wp-json\/wp\/v2\/tribe_events"}],"about":[{"href":"https:\/\/www.obudanapja.hu\/obuda-napja-2022\/wp-json\/wp\/v2\/types\/tribe_events"}],"author":[{"embeddable":true,"href":"https:\/\/www.obudanapja.hu\/obuda-napja-2022\/wp-json\/wp\/v2\/users\/4"}],"replies":[{"embeddable":true,"href":"https:\/\/www.obudanapja.hu\/obuda-napja-2022\/wp-json\/wp\/v2\/comments?post=2310"}],"version-history":[{"count":3,"href":"https:\/\/www.obudanapja.hu\/obuda-napja-2022\/wp-json\/wp\/v2\/tribe_events\/2310\/revisions"}],"predecessor-version":[{"id":2314,"href":"https:\/\/www.obudanapja.hu\/obuda-napja-2022\/wp-json\/wp\/v2\/tribe_events\/2310\/revisions\/2314"}],"wp:featuredmedia":[{"embeddable":true,"href":"https:\/\/www.obudanapja.hu\/obuda-napja-2022\/wp-json\/wp\/v2\/media\/2289"}],"wp:attachment":[{"href":"https:\/\/www.obudanapja.hu\/obuda-napja-2022\/wp-json\/wp\/v2\/media?parent=2310"}],"wp:term":[{"taxonomy":"post_tag","embeddable":true,"href":"https:\/\/www.obudanapja.hu\/obuda-napja-2022\/wp-json\/wp\/v2\/tags?post=2310"},{"taxonomy":"tribe_events_cat","embeddable":true,"href":"https:\/\/www.obudanapja.hu\/obuda-napja-2022\/wp-json\/wp\/v2\/tribe_events_cat?post=2310"}],"curies":[{"name":"wp","href":"https:\/\/api.w.org\/{rel}","templated":true}]}}

Méhek világnapja az Ezüsthegyi Könyvtárban

<p>&#8222;Ez a döngicsélés jelent valamit. Olyan nincs, hogy csak döngicsélés van meg zümmögés&#8230;&#8221; (A.A. Milne: Micimackó)</p>
<p>Hogy mit csinálnak a méhecskék a döngicsélésen kívül? Gyere el a könyvtárba, és derítsük ki együtt!</p>
<p><img decoding="async" loading="lazy" class="alignnone wp-image-2311 size-large" src="https://www.obudanapja.hu/obuda-napja-2022/wp-content/uploads/2022/04/Ezusthegy_mehek_vilagnajpa_plakat-002-663x1024.png" alt="" width="663" height="1024" srcset="https://www.obudanapja.hu/obuda-napja-2022/wp-content/uploads/2022/04/Ezusthegy_mehek_vilagnajpa_plakat-002-663x1024.png 663w, https://www.obudanapja.hu/obuda-napja-2022/wp-content/uploads/2022/04/Ezusthegy_mehek_vilagnajpa_plakat-002-194x300.png 194w, https://www.obudanapja.hu/obuda-napja-2022/wp-content/uploads/2022/04/Ezusthegy_mehek_vilagnajpa_plakat-002-768x1187.png 768w, https://www.obudanapja.hu/obuda-napja-2022/wp-content/uploads/2022/04/Ezusthegy_mehek_vilagnajpa_plakat-002-994x1536.png 994w, https://www.obudanapja.hu/obuda-napja-2022/wp-content/uploads/2022/04/Ezusthegy_mehek_vilagnajpa_plakat-002.png 1000w" sizes="(max-width: 663px) 100vw, 663px" /></p>
<p>&nbsp;</p>
<p>&nbsp;</p>
<p>&nbsp;</p>
<p>&nbsp;</p>

<p>A május 7-ei méhek világnapjára játékos ismerkedést szervezünk 6-10 éves gyermekeknek családi öko-játszóházunkban.</p>

<!-- This site is optimized with the Yoast SEO plugin v17.5 - https://yoast.com/wordpress/plugins/seo/ -->
<title>Méhek világnapja az Ezüsthegyi Könyvtárban - Óbuda Napja 2022 | obuda.hu</title>
<meta name="robots" content="index, follow, max-snippet:-1, max-image-preview:large, max-video-preview:-1" />
<link rel="canonical" href="https://www.obudanapja.hu/obuda-napja-2022/esemeny/mehek-vilagnapja-az-ezusthegyi-konyvtarban/" />
<meta property="og:locale" content="hu_HU" />
<meta property="og:type" content="article" />
<meta property="og:title" content="Méhek világnapja az Ezüsthegyi Könyvtárban - Óbuda Napja 2022 | obuda.hu" />
<meta property="og:description" content="A május 7-ei méhek világnapjára játékos ismerkedést szervezünk 6-10 éves gyermekeknek családi öko-játszóházunkban." />
<meta property="og:url" content="https://www.obudanapja.hu/obuda-napja-2022/esemeny/mehek-vilagnapja-az-ezusthegyi-konyvtarban/" />
<meta property="og:site_name" content="Óbuda Napja 2022 | obuda.hu" />
<meta property="og:image" content="https://www.obudanapja.hu/obuda-napja-2022/wp-content/uploads/2022/04/ON_1200x628px_mehek.jpg" />
	<meta property="og:image:width" content="1200" />
	<meta property="og:image:height" content="628" />
<meta name="twitter:card" content="summary_large_image" />
<meta name="twitter:label1" content="Becsült olvasási idő" />
	<meta name="twitter:data1" content="1 perc" />
<script type="application/ld+json" class="yoast-schema-graph">{"@context":"https://schema.org","@graph":[{"@type":"WebSite","@id":"https://www.obudanapja.hu/obuda-napja-2022/#website","url":"https://www.obudanapja.hu/obuda-napja-2022/","name":"\u00d3buda Napja 2022 | obuda.hu","description":"","potentialAction":[{"@type":"SearchAction","target":{"@type":"EntryPoint","urlTemplate":"https://www.obudanapja.hu/obuda-napja-2022/?s={search_term_string}"},"query-input":"required name=search_term_string"}],"inLanguage":"hu"},{"@type":"ImageObject","@id":"https://www.obudanapja.hu/obuda-napja-2022/esemeny/mehek-vilagnapja-az-ezusthegyi-konyvtarban/#primaryimage","inLanguage":"hu","url":"https://www.obudanapja.hu/obuda-napja-2022/wp-content/uploads/2022/04/ON_1200x628px_mehek.jpg","contentUrl":"https://www.obudanapja.hu/obuda-napja-2022/wp-content/uploads/2022/04/ON_1200x628px_mehek.jpg","width":1200,"height":628},{"@type":"WebPage","@id":"https://www.obudanapja.hu/obuda-napja-2022/esemeny/mehek-vilagnapja-az-ezusthegyi-konyvtarban/#webpage","url":"https://www.obudanapja.hu/obuda-napja-2022/esemeny/mehek-vilagnapja-az-ezusthegyi-konyvtarban/","name":"M\u00e9hek vil\u00e1gnapja az Ez\u00fcsthegyi K\u00f6nyvt\u00e1rban - \u00d3buda Napja 2022 | obuda.hu","isPartOf":{"@id":"https://www.obudanapja.hu/obuda-napja-2022/#website"},"primaryImageOfPage":{"@id":"https://www.obudanapja.hu/obuda-napja-2022/esemeny/mehek-vilagnapja-az-ezusthegyi-konyvtarban/#primaryimage"},"datePublished":"2022-04-29T09:30:36+00:00","dateModified":"2022-04-29T09:30:36+00:00","breadcrumb":{"@id":"https://www.obudanapja.hu/obuda-napja-2022/esemeny/mehek-vilagnapja-az-ezusthegyi-konyvtarban/#breadcrumb"},"inLanguage":"hu","potentialAction":[{"@type":"ReadAction","target":["https://www.obudanapja.hu/obuda-napja-2022/esemeny/mehek-vilagnapja-az-ezusthegyi-konyvtarban/"]}]},{"@type":"BreadcrumbList","@id":"https://www.obudanapja.hu/obuda-napja-2022/esemeny/mehek-vilagnapja-az-ezusthegyi-konyvtarban/#breadcrumb","itemListElement":[{"@type":"ListItem","position":1,"name":"Kezd\u0151lap","item":"https://www.obudanapja.hu/obuda-napja-2022/"},{"@type":"ListItem","position":2,"name":"Esem\u00e9nyek","item":"https://www.obudanapja.hu/obuda-napja-2022/esemenyek/"},{"@type":"ListItem","position":3,"name":"M\u00e9hek vil\u00e1gnapja az Ez\u00fcsthegyi K\u00f6nyvt\u00e1rban"}]}]}</script>
<!-- / Yoast SEO plugin. -->

Méhek világnapja az Ezüsthegyi Könyvtárban - Óbuda Napja 2022 | obuda.hu

A május 7-ei méhek világnapjára játékos ismerkedést szervezünk 6-10 éves gyermekeknek családi öko-játszóházunkban.

Óbuda Napja 2022 | obuda.hu

Kezdőlap

Események
